{"id":20,"date":"2012-06-08T21:34:14","date_gmt":"2012-06-08T19:34:14","guid":{"rendered":"http:\/\/mazor-kompresori.hr\/jedrenje\/?page_id=20"},"modified":"2014-06-05T19:56:46","modified_gmt":"2014-06-05T17:56:46","slug":"sy-paula","status":"publish","type":"page","link":"https:\/\/mazor-kompresori.hr\/jedrenje\/sy-paula\/","title":{"rendered":"SY Paula"},"content":{"rendered":"<p align=\"left\">Salona 37, jedrilica godine 2007. prekrasan je plavi brod za izuzetne do\u017eivljaje u jedrenju i krstarenju.\u00a0Smje\u0161tena je u novoj marini u Sutomi\u0161\u0107ici, na otoku Ugljanu, u centru hrvatske Jadranske obale.<\/p>\n<p align=\"left\">Ve\u0107 u gradnji oboga\u0107ena je mnogim detaljima koji olak\u0161avaju jedrenje, kao \u0161to su ja\u010de dimenzionirani vin\u010devi, prijenosnici s kevlarskom u\u017eadi za pode\u0161avanje zategnutosti zadnje pripone, Genaker sa \u010darapom za lagano sklapanje, skra\u0107en put uzdi Buma itd.<br \/>\nOpremljena je flokom, genovom i full batten glavnim jedrom, te Genakerom.<br \/>\nGenova ima\u00a0 roll ure\u0111aj, glavno jedro Lassy Jack za lagano slaganje. Tako\u0111er ima i veliki \u0161ator za za\u0161titu od sunca.\u00a0Spray hood \u0161titi od vjetra i ki\u0161e.<br \/>\nCijela oprema za jedrenje je vrhunske\u00a0 Harken proizvodnje. Sidreni vin\u010d je predimenzioniran a tako\u0111er i automatski hidrauli\u010dni pilot Rey Marine 6000. Motor Yanmar 30KS. Brod je potpuno opremljen svom obveznom i neobaveznom opremom, posteljinom, posu\u0111em, pojasevima\u00a0itd. Tako\u0111er i gumeni \u010damac s izvanbrodskim motorom.<\/p>\n<p align=\"center\"><img loading=\"lazy\" src=\"http:\/\/mazor-kompresori.hr\/jedrenje\/salona37\/slike\/slike\/Paula-na-tramontani.jpg\" alt=\"\" width=\"670\" height=\"550\" \/><\/p>\n<p align=\"left\">Navigacijska oprema je od Navmana. Ugra\u0111eni su mjera\u010d dubine, mjera\u010d ja\u010dine vjetra i pokaziva\u010d smjera, analogni mjera\u010d brzine, 2 GPS-a, Dual i MULTI pokaziva\u010di svih mjerenih veli\u010dina (jedni kod skiperskog stola a drugi vani), ploter sa razli\u010ditim funkcijama i pokazivanjem plova jedrilice, VHF radio stanica, TV prijemnik, 3 kompasa&#8230; Tu je i digitalni radio s CD playerom sa USB priklju\u010dkom.<br \/>\nJedrilica ima tri kabine i jedan WC, kuhinju sa \u0161tednjakom, hladnjak, sudoper s toplom i hladnom vodom.<br \/>\nZa obavljanje nu\u017edi u marinama mo\u017ee se koristiti crni tank od 42 litre.<br \/>\nPitke vode stane 210 litara, a goriva 150 litara. Na krmenom zrcalu topli i hladni tu\u0161.<br \/>\nA uz sav taj luksuz Salona 37 se izvanredno pona\u0161a na vjetru. Na laganom povjetarcu mirno klizi a ja\u010di vjetar podnosi besprijekorno. Ima izvanredno izvedeno kra\u0107enje glavnog jedra iz cok-pita\u00a0lako mo\u017ee dr\u017eati orcu bez problema i do 25 \u010dvora vjetra (s genovom) a sa flokom i iznad 30 \u010dvora.<br \/>\nJarbol i pripone u\u010dvr\u0161\u0107ene su zajedno na \u010deli\u010dnom oja\u010danju koji je ulaminiran izme\u0111u dva donja dijela trupa broda. To mu daje posebnu \u010dvrsto\u0107u.<br \/>\nTako\u0111er i kobilica \u2013 olovna i regatne izvedbe 2,2 metra\u00a0pri\u010dvr\u0161\u0107ena je za za \u010deli\u010dni okvir ulaminiran u trup.<\/p>\n<p align=\"center\"><img loading=\"lazy\" src=\"http:\/\/mazor-kompresori.hr\/jedrenje\/salona37\/slike\/slike\/Meridijanova-regata-2007-137.jpg\" alt=\"\" width=\"500\" height=\"332\" \/><\/p>\n<p><strong>\u017delimir Mazor dipl.ing. 098 228828<\/strong><\/p>\n<p align=\"left\"><strong>PU\u0160KARI\u0106EVA 62A, 10250 LU\u010cKO-ZAGREB, TEL: 01\/653 11 55, fax 01 6531 266<\/strong><\/p>\n<p align=\"center\"><img loading=\"lazy\" src=\"http:\/\/mazor-kompresori.hr\/jedrenje\/salona37\/slike\/slike\/podaci.jpg\" alt=\"\" width=\"500\" height=\"752\" \/><\/p>\n","protected":false},"excerpt":{"rendered":"<p>Salona 37, jedrilica godine 2007. prekrasan je plavi brod za izuzetne do\u017eivljaje u jedrenju i krstarenju.\u00a0Smje\u0161tena je u novoj marini u Sutomi\u0161\u0107ici, na otoku Ugljanu, u centru hrvatske Jadranske obale. Ve\u0107 u gradnji oboga\u0107ena je mnogim detaljima koji olak\u0161avaju jedrenje, kao \u0161to su ja\u010de dimenzionirani vin\u010devi, prijenosnici s kevlarskom u\u017eadi za pode\u0161avanje zategnutosti zadnje pripone, Genaker sa \u010darapom za lagano &#8230; <\/p>\n<div><a href=\"https:\/\/mazor-kompresori.hr\/jedrenje\/sy-paula\/\" class=\"more-link\">Pro\u010ditaj vi\u0161e<\/a><\/div>\n","protected":false},"author":3,"featured_media":0,"parent":0,"menu_order":0,"comment_status":"closed","ping_status":"closed","template":"sidebar-page.php","meta":[],"yoast_head":"<!-- This site is optimized with the Yoast SEO plugin v16.0.2 - https:\/\/yoast.com\/wordpress\/plugins\/seo\/ -->\n<title>SY Paula - Jedrenje | Powered by Mazor kompresori<\/title>\n<link rel=\"canonical\" href=\"https:\/\/mazor-kompresori.hr\/jedrenje\/sy-paula\/\" \/>\n<meta property=\"og:locale\" content=\"hr_HR\" \/>\n<meta property=\"og:type\" content=\"article\" \/>\n<meta property=\"og:title\" content=\"SY Paula - Jedrenje | Powered by Mazor kompresori\" \/>\n<meta property=\"og:description\" content=\"Salona 37, jedrilica godine 2007. prekrasan je plavi brod za izuzetne do\u017eivljaje u jedrenju i krstarenju.\u00a0Smje\u0161tena je u novoj marini u Sutomi\u0161\u0107ici, na otoku Ugljanu, u centru hrvatske Jadranske obale. Ve\u0107 u gradnji oboga\u0107ena je mnogim detaljima koji olak\u0161avaju jedrenje, kao \u0161to su ja\u010de dimenzionirani vin\u010devi, prijenosnici s kevlarskom u\u017eadi za pode\u0161avanje zategnutosti zadnje pripone, Genaker sa \u010darapom za lagano ... Pro\u010ditaj vi\u0161e\" \/>\n<meta property=\"og:url\" content=\"https:\/\/mazor-kompresori.hr\/jedrenje\/sy-paula\/\" \/>\n<meta property=\"og:site_name\" content=\"Jedrenje | Powered by Mazor kompresori\" \/>\n<meta property=\"article:modified_time\" content=\"2014-06-05T17:56:46+00:00\" \/>\n<meta property=\"og:image\" content=\"http:\/\/mazor-kompresori.hr\/jedrenje\/salona37\/slike\/slike\/Paula-na-tramontani.jpg\" \/>\n<meta name=\"twitter:card\" content=\"summary_large_image\" \/>\n<meta name=\"twitter:label1\" content=\"Procijenjeno vrijeme \u010ditanja\">\n\t<meta name=\"twitter:data1\" content=\"2 minute\">\n<script type=\"application\/ld+json\" class=\"yoast-schema-graph\">{\"@context\":\"https:\/\/schema.org\",\"@graph\":[{\"@type\":\"WebSite\",\"@id\":\"https:\/\/mazor-kompresori.hr\/jedrenje\/#website\",\"url\":\"https:\/\/mazor-kompresori.hr\/jedrenje\/\",\"name\":\"Jedrenje | Powered by Mazor kompresori\",\"description\":\"Slike i pri\\u010de sa regata na kojima je jedrio \\u017delimir Mazor\",\"potentialAction\":[{\"@type\":\"SearchAction\",\"target\":\"https:\/\/mazor-kompresori.hr\/jedrenje\/?s={search_term_string}\",\"query-input\":\"required name=search_term_string\"}],\"inLanguage\":\"hr\"},{\"@type\":\"ImageObject\",\"@id\":\"https:\/\/mazor-kompresori.hr\/jedrenje\/sy-paula\/#primaryimage\",\"inLanguage\":\"hr\",\"url\":\"http:\/\/mazor-kompresori.hr\/jedrenje\/salona37\/slike\/slike\/Paula-na-tramontani.jpg\"},{\"@type\":\"WebPage\",\"@id\":\"https:\/\/mazor-kompresori.hr\/jedrenje\/sy-paula\/#webpage\",\"url\":\"https:\/\/mazor-kompresori.hr\/jedrenje\/sy-paula\/\",\"name\":\"SY Paula - Jedrenje | Powered by Mazor kompresori\",\"isPartOf\":{\"@id\":\"https:\/\/mazor-kompresori.hr\/jedrenje\/#website\"},\"primaryImageOfPage\":{\"@id\":\"https:\/\/mazor-kompresori.hr\/jedrenje\/sy-paula\/#primaryimage\"},\"datePublished\":\"2012-06-08T19:34:14+00:00\",\"dateModified\":\"2014-06-05T17:56:46+00:00\",\"breadcrumb\":{\"@id\":\"https:\/\/mazor-kompresori.hr\/jedrenje\/sy-paula\/#breadcrumb\"},\"inLanguage\":\"hr\",\"potentialAction\":[{\"@type\":\"ReadAction\",\"target\":[\"https:\/\/mazor-kompresori.hr\/jedrenje\/sy-paula\/\"]}]},{\"@type\":\"BreadcrumbList\",\"@id\":\"https:\/\/mazor-kompresori.hr\/jedrenje\/sy-paula\/#breadcrumb\",\"itemListElement\":[{\"@type\":\"ListItem\",\"position\":1,\"item\":{\"@type\":\"WebPage\",\"@id\":\"https:\/\/mazor-kompresori.hr\/jedrenje\/\",\"url\":\"https:\/\/mazor-kompresori.hr\/jedrenje\/\",\"name\":\"Po\\u010detna stranica\"}},{\"@type\":\"ListItem\",\"position\":2,\"item\":{\"@type\":\"WebPage\",\"@id\":\"https:\/\/mazor-kompresori.hr\/jedrenje\/sy-paula\/\",\"url\":\"https:\/\/mazor-kompresori.hr\/jedrenje\/sy-paula\/\",\"name\":\"SY Paula\"}}]}]}<\/script>\n<!-- \/ Yoast SEO plugin. -->","_links":{"self":[{"href":"https:\/\/mazor-kompresori.hr\/jedrenje\/wp-json\/wp\/v2\/pages\/20"}],"collection":[{"href":"https:\/\/mazor-kompresori.hr\/jedrenje\/wp-json\/wp\/v2\/pages"}],"about":[{"href":"https:\/\/mazor-kompresori.hr\/jedrenje\/wp-json\/wp\/v2\/types\/page"}],"author":[{"embeddable":true,"href":"https:\/\/mazor-kompresori.hr\/jedrenje\/wp-json\/wp\/v2\/users\/3"}],"replies":[{"embeddable":true,"href":"https:\/\/mazor-kompresori.hr\/jedrenje\/wp-json\/wp\/v2\/comments?post=20"}],"version-history":[{"count":0,"href":"https:\/\/mazor-kompresori.hr\/jedrenje\/wp-json\/wp\/v2\/pages\/20\/revisions"}],"wp:attachment":[{"href":"https:\/\/mazor-kompresori.hr\/jedrenje\/wp-json\/wp\/v2\/media?parent=20"}],"curies":[{"name":"wp","href":"https:\/\/api.w.org\/{rel}","templated":true}]}}